 + 6*l**2 - 2*l - 3. Let v be t(-3). Suppose f = 6*f + v. Let c be (f/(-4))/(5/(-10)). Let r(j) = j + 1. Determine r(c).
-2
Let k be ((-2)/3)/(4/(-30)). Suppose -2*q + 3*q = 0. Let s(n) = 2*n + 3*n + q*n - 3*n. Give s(k).
10
Suppose 0 = -3*z + 3*d + 3 + 201, 5*d - 281 = -4*z. Suppose 2*c - z = -63. Let h(o) = o**3 - 2*o**2 - 4*o + 2. Calculate h(c).
-1
Let d(f) be the first derivative of 1/3*f**3 - 3*f - 3 + 0*f**2. Let x(i) be the first derivative of d(i). What is x(3)?
6
Let d(a) be the second derivative of -a**4/2 - a**3/6 + a**2/2 - 6*a. Let z be (-4)/(-5) - 7/(-35). Determine d(z).
-6
Let u be ((-24)/(-20))/((-6)/(-20)). Let k(o) = -52*o + 29*o + 17*o + 3 + o**2 + 3. Give k(u).
-2
Let p(r) = -5*r**2 - 6*r + 13. Let h(v) = v**2 - v - 2. Let o(d) = -4*h(d) - p(d). Calculate o(-11).
6
Let o(q) = -q**2 + q - 7. Let b(c) = -1 - 4 + 4. Let w be (5 + -6 + -2)/(-3). Let g(n) = w*o(n) + 4*b(n). Give g(0).
-11
Let m be -1 + 18/14 - 176/28. Let r(n) = -n**2 - 6*n - 9. What is r(m)?
-9
Suppose -3*t + 57 = -0*t. Let x(i) = i**3 - 18*i**2 - 19*i + 5. Let g be x(t). Let d(k) be the first derivative of k**2/2 - k - 1. Calculate d(g).
4
Suppose 24*t - 18 = 18*t. Let w(d) = -d**2 + 3. Let r(o) = -2*o**2 + 6. Let j(y) = 6*r(y) - 13*w(y). Determine j(t).
6
Suppose -26 + 3 = 3*m - 2*b, b = -3*m - 29. Let g be (1 - 2)*4 - (m - -6). Let y(d) = -8*d**2 - 1. What is y(g)?
-9
Let f(z) = 9*z + 14. Let j = 2535 - 2538. Determine f(j).
-13
Let r(b) = 14*b + 215. Let k be r(-15). Let o(v) = 1. Let p(y) = -y + 4. Let h(m) = -3*o(m) + p(m). Calculate h(k).
-4
Let t(f) = -18*f**2 + f - 2 - 8*f**2 - 9*f**2 + 50*f**2 - 12*f**2. Suppose -2*r + 0 + 4 = 0. Determine t(r).
12
Let f(y) = y**2 - 5*y + 6. Let g be 1 + 0 - (-1)/(-1). Let x(c) = -1 + g*c + 6*c - 4*c + 4*c**2 - 4*c. Let m be x(-1). Calculate f(m).
6
Suppose -2*z - 5 = -z, 40 = 5*k - 2*z. Let x(a) = -3*a - 6. Let d(g) = g. Let c(y) = -d(y) - x(y). Calculate c(k).
18
Let n(a) = -1 + 3*a + 6 - 5*a - 2. Suppose 2*j + 5*z - z - 20 = 0, j + 5*z - 22 = 0. Determine n(j).
-1
Let q(t) be the second derivative of -t**4/12 - t**3 + t**2 + 4*t. Calculate q(-7).
-5
Let f(d) = 9 + 7*d + 0*d**2 - d**2 - 10*d - 11. Suppose -2*g + 15 = 5*p, g + p + 4*p - 20 = 0. Determine f(g).
-12
Let b(x) = x**3 - 2*x**2 - 5. Let j(o) = -o**3 + o**2 + 1. Let s(n) = -b(n) - 4*j(n). Calculate s(1).
2
Let u(z) be the first derivative of z**3/3 + 5*z**2/2 - 6*z - 11. Give u(-6).
0
Let q(h) = h**2 - 6*h - 1. Let x(w) = w**2 + 29*w + 195. Let s be x(-19). Give q(s).
-6
Let n(l) = 2*l - 12. Let p be n(7). Let v(w) = -194*w**3 + 0 + 195*w**3 - 6*w - p + 4*w**2. Determine v(-5).
3
Let r be (-66)/(-12) + (-1)/(-2). Let s(b) be the first derivative of -b**4/4 + 2*b**3 - 3*b**2/2 + 5*b - 37. Give s(r).
-13
Let x be 0/1 + -1*6. Let z(t) = -3*t**3 - 15*t**2 + 21*t - 21. Let y(g) = -2*g**3 - 10*g**2 + 14*g - 15. Let s(f) = -7*y(f) + 5*z(f). Determine s(x).
-6
Let t(x) be the first derivative of x**7/840 - x**6/120 - x**5/40 - 5*x**3 - 39. Let h(r) be the third derivative of t(r). Calculate h(4).
4
Suppose 0 = 4*u - 7*u - 9. Let k(v) = -v - 4. Suppose 0 = 3*m + 4*d + 1, 5*m - 3*d + 5*d - 3 = 0. Let q(s) = s. Let x(r) = m*k(r) - 3*q(r). Give x(u).
8
Let z(b) = b**3 - 17*b**2 + 5. Let p be z(17). Let y be (2/(-6))/(p - (-304)/(-60)). Let d(l) = -l**2 + 7*l + 4. Calculate d(y).
14
Let m(x) be the first derivative of x**3/3 + 9*x**2/2 - 12*x + 164. Determine m(-9).
-12
Let l(a) = 407 + 16*a - 407 - 7*a. Let d(w) = -55*w. Let b(i) = -4*d(i) - 25*l(i). Give b(-2).
10
Let g = -597 + 598. Let t(h) = 4*h**2 + 5*h - 4. Let d(c) = -9*c**2 - 9*c + 7. Let b(l) = 4*d(l) + 7*t(l). What is b(g)?
-9
Let g(z) = z**3 + 5*z**2 - z + 4. Let k be 1 - 1 - 18/36*10. Determine g(k).
9
Suppose 0 - 20 = 5*k - 5*y, -20 = 5*k - y. Let a(n) = -n**3 - 4*n**2 - 2*n - 5. What is a(k)?
3
Let l(g) = -g**3 + 7*g**2 + 3*g - 7. Let t be l(7). Let q(r) = r + 6*r - 6*r + t - 20. What is q(3)?
-3
Let a(l) = -l**3 - 2*l**2 + 1. Let x be (-2 + 0)/(-31 - -32). Determine a(x).
1
Let w(f) be the first derivative of -f**6/360 + f**5/120 + f**4/8 + 34*f**3/3 + 28. Let x(r) be the third derivative of w(r). Determine x(-3).
-9
Let m(d) = -d**3 - 9*d**2 + 17*d + 4. Let x(z) = z**2 - 4*z + 2. Let g(j) = -m(j) - 2*x(j). Let a(u) = u**2 + 8*u + 7. Let r be a(-5). Determine g(r).
0
Let r(t) = 7*t - 2. Let k be r(2). Let d = k - 14. Let j(y) be the third derivative of -y**4/12 + 6*y**2. What is j(d)?
4
Suppose -56 = 2*d - 4*i, -d + 3*d = -2*i - 26. Suppose 2*z + 96 = -4*f, 42 - 119 = 3*f + 4*z. Let n = d - f. Let l(s) = -s**3 + 4*s**2 + 4*s + 6. What is l(n)?
1
Let z(u) = u**3 - 9*u**2 + 20*u - 15. Let k be z(6). Let g(r) = -4*r + 1. What is g(k)?
13
Let u(t) = -t**3 - 11*t**2 + 11*t - 17. Suppose k + 28 = -2*w, -3*w - 3*k - 44 = -k. What is u(w)?
-5
Let d(w) be the third derivative of 5*w**4/24 - 4*w**3/3 + 66*w**2. Give d(7).
27
Let t(r) = -r**3 - r**2 - 4*r - 3. Suppose -25 = -5*q - 5. Let v = 23 + -11. Suppose q = 4*k + v. What is t(k)?
9
Suppose 0 = -3*u - h - 16, 3*u - u - 4*h = -34. Let o(j) = -j**2 - 5*j + 22. Determine o(u).
8
Let m be (0 + -1)*(-4 + 1). Suppose 2*g - 5 = m*g. Let y = 3 + g. Let t(l) = l - 2. What is t(y)?
-4
Let z(a) = 9*a**2 - 3*a + 4*a - a**3 + 6 - 2*a. Calculate z(9).
-3
Suppose -50 = 10*o - 15*o. Suppose -12 = -o*v - 2. Let i(g) = g**2 + 3*g**3 + 3*g**3 - 2*g**3. Calculate i(v).
5
Let a(k) = -k**2 + 8*k - 4. Let o be a(6). Let p(t) = -2*t**3 + 5*t**3 + 8*t**2 - 4*t**3 - 13978 + 13987. Determine p(o).
9
Let i(o) = -7*o + 15. Let k = -2152 + 2157. Give i(k).
-20
Let u(r) be the third derivative of 0*r**3 + 0 + 0*r - 1/60*r**5 + 1/12*r**4 - r**2. Let o(c) = -c**3 - 6*c**2 + 7*c + 4. Let m be o(-7). Determine u(m).
-8
Let k(s) = -515*s**2 + 0*s + 516*s**2 - s. Let t(v) be the first derivative of -4*v**3/3 - v**2/2 + 5*v - 1. Let w(j) = 3*k(j) + t(j). Determine w(-6).
-7
Let r(l) = -373*l**2 - 382*l**2 - l**3 - 2*l - 11 + 765*l**2. Give r(10).
-31
Let y = -5 - -15. Let o = y - -11. Suppose -2*d + 6 + 3 = -5*v, 2*d + o = -5*v. Let l(x) = 3*x + 4. What is l(v)?
-5
Let a = 13 + -10. Suppose 19 = 3*h - 0*h - 2*p, -22 = -a*h - p. Let c = h + -2. Let o(b) = -b**2 + 5*b - 2. Give o(c).
-2
Let w be (-4 - -3) + 2*2. Let m(l) be the first derivative of -2*l**2 + 5 + 1/3*l**3 + 2*l. What is m(w)?
-1
Let q(s) = -s**3. Let f(l) = -4*l**3 - 8*l**2 + l + 7. Let w(i) = -f(i) + 3*q(i). Suppose 48 = -5*d + 2*r, 55 - 11 = -4*d + 3*r. What is w(d)?
1
Let f be 31/(-5) - (-7)/35. Let t = f + 0. Let x(h) = h**3 + 5*h**2 - 6*h - 8. Determine x(t).
-8
Let p(h) = -h + 7. Let d(v) be the second derivative of 6*v + 1/2*v**3 + 0 - 1/20*v**5 + 2*v**2 + 1/12*v**4. Let x be d(3). Determine p(x).
12
Suppose -15*r + 140 = 5*r. Let g(s) = s**2 - 6*s + 2. Give g(r).
9
Suppose 0 = m - 2 + 1. Let a = -15 - -15. Let h(z) = 2*z - z + m + a*z + 0*z. What is h(-4)?
-3
Let g(d) = d - 3. Let f(r) = 1. Let a(v) = -5*f(v) - 3*g(v). Let i(c) = -c - 1. Let x(h) = -a(h) - 2*i(h). Calculate x(-2).
-12
Suppose -3*u + 0*c + 52 = 4*c, 4*u + 5*c = 70. Suppose -4*k = u, -3*z + 5*z = -k - 5. Let o(x) = -x + 6. Give o(z).
6
Let l(h) be the second derivative of -h**4/12 - h**3 - 2*h**2 + 20*h. Let b(c) = c**3 + 5*c**2 + 2*c + 1. Let v be b(-3). Let a = 8 - v. What is l(a)?
1
Let t = 140 - 100. Suppose -7*c + 19 = t. Let y(g) = 3*g - 1. Calculate y(c).
-10
Suppose 0 = 8*o - 10*o + 2*w + 2, 3*o - 2*w = 7. Let g(u) = -5*u + 13. Determine g(o).
-12
Let t(o) = 2*o + 58. Let m(g) = g + 27. Let k(r) = 13*m(r) - 6*t(r). Suppose 4*n - 9 = -25. Calculate k(n).
-1
Let f(u) = -51*u - 17. Let l(k) = -58*k - 15. Let g(t) = -7*f(t) + 6*l(t). What is g(-5)?
-16
Let h(v) = 10*v**3 - 6 - 5*v**3 - 4*v**3 - 5*v**2. Suppose -3*a + 4*f - 103 = 0, 0*a - f - 187 = 5*a. Let t be (-2)/7 - a/7. Give h(t).
-6
Let o(p) = 2*p. Let a be ((-12)/9)/(6/63*7). Determine o(a).
-4
Let r(g) be the second derivative of g**3/6 + 9*g**2 - 12*g - 2. Determine r(-10).
8
Let a(l) be the second derivative of -l**5/20 - l**4/2 + 5*l**3/2 - 3*l**2 + 123*l. Calculate a(-8).
2
Let c(p) = -p**2 + 8*p - 2. Let z be 37/7 - (-2 - 160/(-70)). Give c(z).
13
Let m(q) be the third derivative of -q**6/120 + 2*q**5/15 + 7*q**3/3 + 4*q**2 - 129. What is m(8)?
14
Let n be (-10)/((-30)/4 + 5). Let l(o) = 